 4 - 3*d. Suppose -5*j + 0*r = 3*r - 51, r = -4*j + 38. Calculate the remainder when z(-7) is divided by j.
7
Let b = -15 + -3. Calculate the remainder when 62 is divided by 4/b + 191/9.
20
Let g(j) = 0 + 3 - 6*j + 1. What is the remainder when g(-4) is divided by 1*(-2)/(-4)*30?
13
Suppose 3*t = -2*k + 3*k - 6, 70 = 3*k + 4*t. What is the remainder when (-550)/(-8) + 1 + 6/(-8) is divided by k?
15
Let y(i) = -i**3 + i + 19. What is the remainder when 51 + (-3)/(-1) + 0 is divided by y(0)?
16
Let q(g) = 2*g**2 - g. Let z be q(-1). Calculate the remainder when (3 - (-46)/3)*z is divided by 2/6*(1 + 56).
17
Suppose -5*z = -4*z + 34. Let m = z + 71. Calculate the remainder when m is divided by 10.
7
Let j(p) = p**2 + p - 5. Suppose -5*m - 8 + 28 = 0. Suppose -k - 2*k = -129. Calculate the remainder when k is divided by j(m).
13
Let q(o) = o**3 - 5*o**2 + 3*o + 3. Let d be q(3). Let l(n) = n**2 + 3*n - 2. What is the remainder when 63 is divided by l(d)?
15
Let s(v) = 2*v + 1. What is the remainder when s(11) is divided by (2/(-5))/(2/(-60))?
11
Let g be (-53)/(-11) + (-2)/(-11). Suppose -y + g = 4. Calculate the remainder when y is divided by 1.
0
Let h be 2/(2/(-10)*2). Let v = -2 - h. Suppose 0 = v*c - j - 37, 6*j - j - 95 = -5*c. Calculate the remainder when 41 is divided by c.
13
Let s = -139 - -203. What is the remainder when s is divided by 22?
20
Suppose -4*r + 95 + 5 = 0. Calculate the remainder when 99 is divided by r.
24
Suppose -3*d = -5*i - 16, 2*i + 8 = -0*d + 2*d. Let x(l) = d*l - l**2 + 4*l - 3*l + 4*l - 1. Calculate the remainder when 25 is divided by x(5).
7
Let r(s) = -14*s + 2. Let k be r(-4). Suppose 0 = -2*m - 4*d - d - 142, m - 4*d = -k. Calculate the remainder when 20 is divided by 4/10 + m/(-10).
6
Suppose 0 = 5*z + 8 + 167. Let i = z + 50. Calculate the remainder when 44 is divided by i.
14
Let b = 86 + -58. Calculate the remainder when 111 is divided by b.
27
Let g be 4*3/(-12)*-2. Let q(a) = 3*a**2 + 14 + g*a - a - 4*a**2. What is the remainder when q(0) is divided by 8?
6
Let f(a) = a + 4. Let s be f(-4). Suppose -d = -s*d + 1. What is the remainder when (-17*2)/1*d is divided by 12?
10
Let y = 6 - 0. Calculate the remainder when y is divided by 4.
2
Let n = 15 + -1. Calculate the remainder when ((-2)/(-5))/(2/130) is divided by n.
12
Let p = 6 + -10. Let s = p + 9. Suppose 4 = k + 5*u + 16, 4*u = 3*k - 59. What is the remainder when k is divided by s?
3
Suppose 5*p = -5*s + 2*s + 10, 0 = p - 4*s - 25. Suppose p*k - 24 = 21. Calculate the remainder when k is divided by 3.
0
Let x = 3 - -8. Suppose 0 = -3*s + x + 1. Suppose 160 = s*q + 4*z, -2*z + 85 = 2*q + z. Calculate the remainder when q is divided by 12.
11
Suppose 3*l + 2*w = 59, 2*l - w = 3*l - 18. Let d = 71 + -8. Suppose b - d - 2 = -5*o, 5*b = 5*o - 35. What is the remainder when l is divided by o?
11
Let w(b) = b**3 + 3*b**2 + 4*b - 33. Let o(r) = r**2 + r. Let l(k) = 4*o(k) - w(k). What is the remainder when l(0) is divided by 12?
9
Let w = 72 - 59. Calculate the remainder when 166 is divided by w.
10
Suppose -r + 1 = -9. Calculate the remainder when 26 - (19/(-38))/((-1)/(-2)) is divided by r.
7
Let w(k) = -2 + 14 + 5 - k. What is the remainder when 10 is divided by w(11)?
4
Suppose -q = k + 2*k - 116, 5*q = -3*k + 112. Calculate the remainder when k is divided by 14.
11
Let q(k) = 316*k - 6. Let n be q(-6). Let h be (-2)/(-3) + n/18. What is the remainder when 4/2 + h/(-3) is divided by 19?
18
Calculate the remainder when 91 is divided by (13/(-26))/(2/(-92)).
22
Let p(z) = 6*z + 18. What is the remainder when p(-2) is divided by 2?
0
Let k(d) = d**3 - 6*d**2 - 14*d + 5. Calculate the remainder when k(9) is divided by 41.
40
Let k(c) = c - 7. Let j be k(7). Suppose j = 7*x - 5*x - 16. Calculate the remainder when 267/21 - x/(-28) is divided by 5.
3
Suppose 0*b + 4*h = 3*b + 22, 4*h = -b + 14. Let w = 2 + b. Calculate the remainder when 18 is divided by w + -2 - (1 + -13).
8
Let j = 61 + -42. What is the remainder when ((-1)/(-2))/(-7 + 1486/212) is divided by j?
15
Let t(f) = f**3 + 17*f**2 - 4*f + 15. Calculate the remainder when t(-17) is divided by 17.
15
Suppose -3*u - k = -2*k - 41, -31 = -2*u - 3*k. What is the remainder when (-6)/(-21) - 542/(-14) is divided by u?
11
Let r = -27 - -48. Calculate the remainder when 144 is divided by r.
18
Suppose -3*c + 15 = 4*n, -4*n = -c - n + 18. Let u(m) = -5*m. What is the remainder when c is divided by u(-1)?
4
Let s = 64 - 20. Suppose -y - 8 = -0*q - 4*q, -3*y - 5*q + s = 0. What is the remainder when -26*3/6*-1 is divided by y?
5
Suppose -2*j - 73 = -5*r, -2*j + 10 = -r + 31. Calculate the remainder when 49 is divided by r.
10
Let z = 46 - 37. Suppose -f - 2*f - 5*i = -127, 4*f = -2*i + 146. Calculate the remainder when f is divided by z.
7
Suppose 252 = 16*u - 7*u. Calculate the remainder when 79 is divided by u.
23
Let k(o) = o**2 + 2*o - 2. Let q = 5 + 1. Calculate the remainder when k(4) is divided by q.
4
Suppose 6 - 2 = -2*w. What is the remainder when w*-74*1/4 is divided by 13?
11
Suppose 0 = 5*i + 3*x - 133, 135 = -2*i + 7*i + 5*x. Let k = -1 + i. Calculate the remainder when k is divided by 7.
4
Suppose -s = 2*n - 0*s - 96, 5*n - 3*s = 262. Suppose 0*v = 2*v - 30. Calculate the remainder when (280/n)/((-4)/(-30)) is divided by v.
12
Suppose 4*k - 3*k - 63 = 4*w, -2*k - 5*w = -178. Let j = k + -13. Calculate the remainder when 7 is divided by (-4)/10 - j/(-15).
3
Let n(d) = -d - 2. Calculate the remainder when 33 is divided by n(-11).
6
Suppose -46 = -2*f + 2. What is the remainder when f is divided by (-366)/(-54) - (-4)/18?
3
Let v be (5 + -1)/(1/(-2)). Let b(i) = -i**2 - 14*i + 2. Calculate the remainder when b(v) is divided by 17.
16
Let u(q) = -q + 13. Let i be u(7). What is the remainder when 1824/42 + i/(-14) is divided by 11?
10
Suppose j + 4 = 2*j. Suppose -8 = -j*i + 140. Calculate the remainder when i is divided by 13.
11
Suppose 2*z = 89 + 53. Suppose z - 18 = o. Calculate the remainder when o is divided by 27.
26
What is the remainder when 14 is divided by (-2)/5 + 44/10?
2
Suppose -l + 3 - 1 = 0. Suppose 4*u - 5*o - 68 = -10*o, l*u - 4*o - 60 = 0. What is the remainder when u is divided by 5?
2
Suppose 0 = 2*x, x = -4*q + 122 - 42. What is the remainder when 39 is divided by q?
19
Let a be 3/((-3)/138*-3). Let p be a + -2*(-2)/(-4). Suppose 2*k = -k + p. What is the remainder when 28 is divided by k?
13
Let w(i) = i**3 + 4*i**2 + 1. Let s be w(-3). Let d = s + -6. What is the remainder when d is divided by 2?
0
Let o(y) = y**2 - 4*y + 7. Suppose m + 2*m = 15. What is the remainder when (-2)/3 + (-104)/(-3) is divided by o(m)?
10
Let s(v) = 2*v**2 + v + 1. Let o(r) = -5*r**2 - 3*r - 4. Let a(w) = 3*o(w) + 8*s(w). Calculate the remainder when a(3) is divided by 1.
0
Let x be 6/15 - (-6)/10. Let c be (3 + (x - -42))/(-1). Let q = -33 - c. What is the remainder when q is divided by 5?
3
Let s = 3 + 1. What is the remainder when ((-66)/(-4))/(s/8) is divided by 12?
9
Suppose 5*n - 11 = -2*z, z = 6*z + 5*n - 20. Let v = 6 + z. Calculate the remainder when v is divided by 5.
4
Suppose 2*j = -5*h - 7, 0*j + j = 3*h + 2. Let f be h/2 + 7/2. Let w(q) = q**2 - q - 3. Calculate the remainder when 7 is divided by w(f).
1
Let k(o) = 2*o**3 - 11*o**2 - 5*o + 7. Suppose 0*j = 2*j + 30. What is the remainder when (1*-5)/(3/j) is divided by k(6)?
12
Let c(t) = 3*t**2 + 4*t + 2. Suppose -8*s = -11*s + 30. Calculate the remainder when c(-3) is divided by s.
7
What is the remainder when (-127)/(-3) - 4/(-6) is divided by 106/10 - 26/(-65)?
10
Let a = 15 - -5. Let w = 22 - a. What is the remainder when 6 is divided by w?
0
Let w be (42 - 0) + 8 + -11. Suppose 0*o + 2*o - 79 = h, -o + h + w = 0. Calculate the remainder when o is divided by 14.
12
Let s = -13 - -9. Let m(o) = -o**3 - 5*o**2 - 6*o - 3. Suppose -6*k + k + 40 = 0. What is the remainder when k is divided by m(s)?
3
Let w = 3 - 6. Let f = 3 - w. What is the remainder when 9 is divided by f?
3
Let l(b) = -22*b - 5. What is the remainder when 153 is divided by l(-2)?
36
Suppose -5*o = -47 - 3. Let l be 12/o*(-60)/(-18). Suppose 5*t - 35 = -5*v, 4*t + 10 = 2*t + l*v. Calculate the remainder when t is divided by 2.
1
Suppose 0 = -9*m + 36. What is